Convert 5 (base 7) to base 6.
5
What is -21 (base 10) in base 6?
-33
What is 0 (base 6) in base 14?
0
21221 (base 3) to base 4
3112
-10 (base 15) to base 10
-15
-96 (base 13) to base 6
-323
What is 32 (base 12) in base 8?
46
2 (base 5) to base 13
2
Convert 233 (base 4) to base 14.
35
1 (base 13) to base 2
1
What is 6 (base 10) in base 3?
20
-124 (base 11) to base 4
-2103
Convert 0 (base 7) to base 16.
0
Convert 5 (base 13) to base 16.
5
-2 (base 4) to base 5
-2
What is 18 (base 11) in base 15?
14
What is 14 (base 10) in base 13?
11
-16 (base 10) to base 9
-17
What is 57 (base 9) in base 13?
40
What is -86 (base 15) in base 9?
-150
What is -1 (base 10) in base 7?
-1
-30 (base 8) to base 14
-1a
Convert 226 (base 7) to base 16.
76
Convert -3 (base 11) to base 12.
-3
10 (base 2) to base 14
2
What is 11 (base 12) in base 5?
23
What is 0 (base 15) in base 8?
0
Convert 13 (base 8) to base 16.
b
What is -104 (base 6) in base 10?
-40
Convert 84 (base 12) to base 16.
64
-3b (base 15) to base 8
-70
Convert -10 (base 5) to base 12.
-5
What is -272 (base 11) in base 6?
-1253
What is 73 (base 15) in base 2?
1101100
131 (base 6) to base 10
55
4 (base 14) to base 11
4
What is -5c (base 16) in base 11?
-84
Convert -24 (base 8) to base 7.
-26
What is -10 (base 5) in base 6?
-5
What is -2 (base 13) in base 3?
-2
Convert 4 (base 12) to base 10.
4
-5 (base 16) to base 9
-5
What is 4 (base 13) in base 6?
4
Convert -32 (base 16) to base 11.
-46
-10 (base 9) to base 6
-13
What is 66 (base 14) in base 8?
132
What is -127 (base 11) in base 13?
-b7
-86 (base 9) to base 11
-71
What is 3 (base 5) in base 4?
3
1 (base 12) to base 2
1
What is -7 (base 8) in base 13?
-7
Convert -17 (base 12) to base 5.
-34
100 (base 2) to base 9
4
What is 5 (base 12) in base 16?
5
-237 (base 8) to base 12
-113
3 (base 7) to base 2
11
Convert -137 (base 10) to base 7.
-254
What is -a5 (base 11) in base 12?
-97
35 (base 7) to base 15
1b
135 (base 11) to base 16
9f
Convert -10 (base 6) to base 11.
-6
-76 (base 11) to base 8
-123
-1 (base 8) to base 13
-1
What is -2003 (base 4) in base 8?
-203
What is -184 (base 10) in base 7?
-352
-46 (base 11) to base 12
-42
Convert -90 (base 15) to base 16.
-87
Convert 1 (base 3) to base 8.
1
-1 (base 12) to base 7
-1
Convert -11 (base 2) to base 13.
-3
Convert 3 (base 8) to base 4.
3
What is -1a3 (base 13) in base 4?
-10232
What is -9 (base 16) in base 15?
-9
Convert -5 (base 9) to base 8.
-5
What is -100111 (base 2) in base 9?
-43
Convert 132 (base 6) to base 3.
2002
54 (base 13) to base 14
4d
What is 1314 (base 5) in base 12?
155
Convert 11 (base 6) to base 7.
10
-10100 (base 3) to base 2
-1011010
Convert 4 (base 13) to base 11.
4
What is 4 (base 8) in base 7?
4
What is 0 (base 5) in base 16?
0
What is 183 (base 9) in base 13?
c0
Convert 5 (base 9) to base 14.
5
0 (base 15) to base 13
0
Convert 1 (base 7) to base 11.
1
Convert 0 (base 13) to base 7.
0
What is 222 (base 3) in base 13?
20
Convert -100 (base 5) to base 15.
-1a
Convert -16 (base 15) to base 12.
-19
What is 2 (base 14) in base 7?
2
2 (base 9) to base 10
2
Convert -10 (base 10) to base 3.
-101
What is 5 (base 14) in base 2?
101
What is -100 (base 5) in base 8?
-31
What is 6 (base 16) in base 2?
110
1 (base 8) to base 7
1
Convert 11 (base 10) to base 8.
13
-d3 (base 16) to base 12
-157
Convert 12 (base 8) to base 15.
a
Convert 29 (base 10) to base 8.
35
33 (base 8) to base 7
36
Convert -3 (base 9) to base 4.
-3
Convert 11100011 (base 2) to base 12.
16b
-12 (base 12) to base 9
-15
-1122 (base 3) to base 12
-38
Convert 200 (base 5) to base 6.
122
-92 (base 15) to base 6
-345
10110 (base 2) to base 13
19
What is -77 (base 11) in base 9?
-103
-8 (base 13) to base 7
-11
Convert 1010111 (base 2) to base 12.
73
-3 (base 11) to base 2
-11
3 (base 7) to base 15
3
1 (base 14) to base 15
1
What is -10 (base 2) in base 7?
-2
3 (base 16) to base 3
10
Convert c (base 15) to base 16.
c
What is 116 (base 8) in base 4?
1032
What is -24 (base 5) in base 2?
-1110
Convert -38 (base 10) to base 14.
-2a
Convert 0 (base 4) to base 10.
0
What is -11b (base 14) in base 13?
-140
What is 10101001 (base 2) in base 9?
207
What is 110 (base 2) in base 4?
12
What is 103 (base 10) in base 9?
124
Convert 0 (base 10) to base 5.
0
What is 1 (base 11) in base 15?
1
Convert 1 (base 10) to base 13.
1
What is 1 (base 4) in base 10?
1
What is -230 (base 4) in base 6?
-112
102 (base 6) to base 3
1102
112 (base 3) to base 11
13
-11 (base 6) to base 9
-7
Convert -454 (base 7) to base 15.
-10a
Convert 112 (base 4) to base 6.
34
Convert 14 (base 6) to base 13.
a
What is -3 (base 9) in base 8?
-3
What is -1011 (base 2) in base 8?
-13
Convert 342 (base 5) to base 10.
97
What is -13 (base 8) in base 14?
-b
What is 40 (base 7) in base 11?
26
0 (base 13) to base 4
0
-163 (base 7) to base 15
-64
Convert 2 (base 4) to base 7.
2
12 (base 5) to base 3
21
Convert 8 (base 14) to base 3.
22
What is -16 (base 7) in base 10?
-13
-2 (base 10) to base 9
-2
Convert -10011 (base 2) to base 5.
-34
What is 33 (base 16) in base 14?
39
Convert -4 (base 12) to base 5.
-4
Convert 1001 (base 6) to base 13.
139
Convert -364 (base 10) to base 16.
-16c
-14 (base 5) to base 14
-9
What is -20 (base 5) in base 12?
-a
What is -1211 (base 3) in base 2?
-110001
-10 (base 5) to base 8
-5
0 (base 3) to base 16
0
-155 (base 14) to base 4
-10033
What is -37 (base 12) in base 13?
-34
16 (base 10) to base 3
121
Convert 7 (base 11) to base 10.
7
What is -25 (base 8) in base 11?
-1a
What is 79 (base 15) in base 8?
162
What is -18 (base 9) in base 14?
-13
What is 11111 (base 2) in base 15?
21
-7 (base 9) to base 7
-10
-2 (base 8) to base 9
-2
What is 33 (base 8) in base 15?
1c
Convert 6 (base 8) to base 13.
6
What is -18 (base 14) in base 4?
-112
-1101 (base 2) to base 3
-111
Convert 211 (base 3) to base 8.
26
Convert -3 (base 4) to base 5.
-3
Convert 2 (base 16) to base 11.
2
What is -221 (base 3) in base 15?
-1a
Convert 21 (base 7) to base 6.
23
What is -3 (base 10) in base 11?
-3
Convert 0 (base 7) to base 16.
0
Convert 9 (base 11) to base 3.
100
10 (base 5) to base 12
5
What is 106 (base 8) in base 13?
55
Convert -100 (base 8) to base 4.
-1000
Convert -13a (base 11) to base 12.
-118
What is 6 (base 15) in base 6?
10
What is 0 (base 7) in base 3?
0
Convert -3 (base 10) to base 5.
-3
-2 (base 10) to base 12
-2
-21212 (base 3) to base 16
-d4
18 (base 15) to base 8
27
What is 4 (base 12) in base 11?
4
Convert -26 (base 9) to base 11.
-22
-15 (base 10) to base 11
-14
Convert -31 (base 9) to base 15.
-1d
-1 (base 14) to base 12
-1
What is -123 (base 7) in base 9?
-73
What is -5 (base 11) in base 10?
-5
Convert -5 (base 12) to base 10.
-5
What is -11 (base 4) in base 14?
-5
Convert 27 (base 9) to base 6.
41
Convert -5 (base 13) to base 8.
-5
Convert 82 (base 12) to base 4.
1202
Convert -23 (base 8) to base 5.
-34
-11 (base 11) to base 8
-14
-11 (base 14) to base 16
-f
-11 (base 13) to base 8
-16
What is 0 (base 10) in base 8?
0
Convert 2423 (base 5) to base 13.
21c
Convert -5 (base 7) to base 2.
-101
102 (base 10) to base 13
7b
11e (base 16) to base 10
286
Convert -10 (base 9) to base 16.
-9
Convert -4 (base 7) to base 10.
-4
-56 (base 9) to base 15
-36
-50 (base 9) to base 3
-1200
What is 113 (base 4) in base 3?
212
What is 0 (base 5) in base 14?
0
-a2 (base 13) to base 11
-110
What is 1001 (base 2) in base 11?
9
Convert 39 (base 15) to base 3.
2000
Convert -ac (base 16) to base 3.
-20101
What is 4 (base 11) in base 5?
4
Convert -2 (base 9) to base 13.
-2
What is 15 (base 8) in base 15?
d
What is b (base 16) in base 7?
14
2 (base 7) to base 16
2
What is 4 (base 7) in base 2?
100
Convert -10 (base 10) to base 15.
-a
What is -102 (base 4) in base 13?
-15
-3 (base 16) to base 7
-3
Convert -3 (base 12) to base 4.
-3
What is 100 (base 7) in base 4?
301
Convert -b (base 16) to base 5.
-21
What is 33 (base 6) in base 9?
23
What is -8 (base 10) in base 9?
-8
-7 (base 9) to base 2
-111
-8 (base 11) to base 5
-13
What is 123 (base 4) in base 3?
1000
-63 (base 12) to base 16
-4b
Convert 10001 (base 2) to base 5.
32
22 (base 11) to base 8
30
9 (base 10) to base 12
9
What is -20 (base 4) in base 16?
-8
1 (base 12) to base 6
1
What is -44 (base 7) in base 13?
-26
Convert -110 (base 4) to base 